f o?
2, 7
Suppose 0 = -3*o + 4*n + 240394, 8*o + 480800 = 14*o - 2*n. List the prime factors of o.
2, 103, 389
Let u(s) = -283*s + 98. What are the prime factors of u(-7)?
3, 7, 11
Let k = 13491 + 17724. List the prime factors of k.
3, 5, 2081
Let u = 63 + -66. List the prime factors of ((-874 - -4)/u)/(4/8).
2, 5, 29
Let i(m) = 31*m**2 - 32*m - 154. List the prime factors of i(-7).
7, 227
Suppose -97002 - 905592 = -163*i + 245008. What are the prime factors of i?
2, 43, 89
Suppose -17*r + 132 = 47. Suppose 0 = -r*f + 6864 + 246. List the prime factors of f.
2, 3, 79
Let n(j) = 4*j**3 - 6*j**2 - j - 5. Let o = -154 - -159. What are the prime factors of n(o)?
2, 5, 17
Let x = -5206 - -9901. Suppose -387 - x = -11*y. What are the prime factors of y?
2, 3, 7, 11
Suppose 5*m - 4*u - 245 = 0, 9*m - 4*m + 3*u = 245. Suppose -7*j - 317 + 79 = 0. Let r = m + j. What are the prime factors of r?
3, 5
Let d = 25 + -22. Suppose -3 = 6*z - d*z. List the prime factors of z/(-4) + (-612)/(-48).
13
Let q be 39/(-26) - (-31)/(-2). Let t = q - -21. Suppose -214 - 12 = -3*r - 2*n, -4*r + t*n = -288. List the prime factors of r.
2, 37
Let z(t) = 2*t + 3. Let q be z(7). Suppose -22*o = -q*o - 945. List the prime factors of o.
3, 7
Let l(b) be the second derivative of b**4 - 1/20*b**5 - 5/3*b**3 - 2*b**2 + 18*b + 0. What are the prime factors of l(11)?
7
Let f(s) = -8690*s + 54. List the prime factors of f(-1).
2, 1093
Let v = 4555 - -11029. What are the prime factors of v?
2, 487
Let g = -44 + 49. Suppose -4*z = p - 1729, g*z + 164 = -p + 2324. Suppose z + 145 = 8*q. What are the prime factors of q?
2, 3
Let c = -72 + 75. Suppose 5*t + a - 3 = 0, 0 = -c*t - 2*t + 2*a - 6. Suppose 3*z - 4*w - 161 - 81 = t, -3*z + w = -254. List the prime factors of z.
2, 43
Let n(g) = -2*g - 3*g + 13*g - 14. Suppose 4*q - 118 + 70 = 0. What are the prime factors of n(q)?
2, 41
Let q(l) = -15*l + 252. Let j be q(19). List the prime factors of ((-16258)/j + -10)*(-6)/(-4).
2, 181
Let x = 97 + -103. Let g(m) = m - 1. Let v(h) = -38*h - 8. Let t(u) = 12*g(u) + v(u). List the prime factors of t(x).
2, 17
Let s = 1117 - -3531. List the prime factors of s.
2, 7, 83
Let b(c) = c**2 - 22*c + 231. What are the prime factors of b(12)?
3, 37
Let s be ((-18)/3)/(-6) + 1. Suppose 0 = -j + 4 - 3, s*b - 3*j - 1001 = 0. What are the prime factors of b?
2, 251
Let p(n) = -n**3 - 2*n**2 - 5*n - 7. Let k be p(-2). Suppose -d - 2 + 0 = -4*t, 13 = k*t + 5*d. List the prime factors of -4 - (t/(-8) + (-7029)/88).
2, 19
What are the prime factors of (-39848)/(-2 - 2) + 378/63?
2, 7, 89
Let m(f) = 2*f - 2. Let h be m(-1). List the prime factors of (-5)/(-20) - 2391/h.
2, 13, 23
Let p(x) = -10*x - 22. Let y be p(-3). Suppose -y*s - 8*s = -9952. List the prime factors of s.
2, 311
Suppose -5*k = 15, -2*u - 52*k + 55*k = -20495. Suppose 9*d - u = 4769. What are the prime factors of d?
2, 3, 139
Let x be (-111)/(-74) - 277026/(-4). Suppose x = 50*r + r. What are the prime factors of r?
2, 7, 97
Let y be (-1)/((-2 + 1)*(-10)/20). Let k be (y - (1 + 9))/(1/(-34)). Suppose -5*a + 8*a - k = 0. What are the prime factors of a?
2, 17
Let m = 20311 + -12484. What are the prime factors of m?
3, 2609
Let b be 4/16 + 75/20. Suppose u = b*u - 1368. Suppose -f - 228 = -2*z - 6*f, 4*z - 5*f = u. List the prime factors of z.
2, 3, 19
Let n = 276 - 98. Let h be (n - 24) + -3 + 1. Suppose 0 = -4*j + h + 76. What are the prime factors of j?
3, 19
Suppose 211*z + 310455 = 256*z. List the prime factors of z.
6899
Let t(y) = -2*y**3 + 5*y - 2. Let x be (-50)/(-18) - (-22)/99. Let b be t(x). Let p = b - -77. What are the prime factors of p?
2, 3
Suppose v - 2*v + 5935 = 5*k, -4*k + 11846 = 2*v. List the prime factors of v/15 + (-1)/3.
2, 197
Suppose 0 = 5*x + 5 + 10, 3*x = 5*j - 4769. Suppose -l - j = -4*l + 2*f, 2*l + 3*f = 626. What are the prime factors of l?
2, 79
Suppose 3 + 7 = u. Let n(j) = -49155*j**2 + 2 + 49145*j**2 + 12*j + j**3 - 12. What are the prime factors of n(u)?
2, 5, 11
Let s be 0*((-24)/30 + (-3)/15). Suppose 3*o - 610 - 419 = s. Suppose -o + 40 = -3*m. What are the prime factors of m?
101
Suppose 0 = 7*b + 51*b - 787686 + 261104. List the prime factors of b.
7, 1297
Let q(i) = 6*i**2 + 34*i + 27. Let d(j) = j**3 + 38*j**2 + 38*j + 24. Let f be d(-37). List the prime factors of q(f).
599
Let r be 8/((-120)/(-99)) + (-8)/(-20). List the prime factors of 3007/r - 116/203.
3, 11, 13
Let t(i) = i**2 - 14*i - 2. Let b be t(10). Let v = b - -44. Suppose -s + v = -20. List the prime factors of s.
2, 11
Let r = 33139 + -23126. List the prime factors of r.
17, 19, 31
Let p be (-7 - -4) + (-10)/4*-2. Suppose 0 = -p*c - 12 + 292. List the prime factors of c.
2, 5, 7
Suppose -2133 = -4*h - 525. Suppose 9*n - 363 = h. What are the prime factors of n?
5, 17
Let t = -16 - -485. Let j = t + -144. List the prime factors of j.
5, 13
Let o(c) = 20*c**3 + 3*c**2 - 13*c - 8. What are the prime factors of o(6)?
2, 13, 167
Let a(k) = 737*k**2 - 347*k - 8. List the prime factors of a(6).
2, 11, 101
Let d = 200 + -198. Suppose -2*j + 348 = 5*o - 698, 424 = d*o - 2*j. What are the prime factors of o?
2, 3, 5, 7
Suppose 29*n - 28*n - 9555 = 0. Suppose -25*a = -18*a - n. What are the prime factors of a?
3, 5, 7, 13
Let i = 24 + -16. Let m be i/(-12) - (-10)/(-3). List the prime factors of m + 423/((-15)/(-5)).
137
Suppose 3*b - 2*f - 47582 + 5222 = 0, -3*b - 5*f + 42339 = 0. What are the prime factors of b?
2, 3, 13, 181
Let y = -7523 + 18055. List the prime factors of y.
2, 2633
Let l(t) = -2*t - 2 - 5*t**2 - t**3 + 4*t**3 - 2*t**3 + 3*t**2. Let c be l(-2). Let m(y) = y + 29. List the prime factors of m(c).
3, 5
Let v(y) = y**3 - 72*y**2 + 387*y - 119. What are the prime factors of v(67)?
5, 673
List the prime factors of (18/30 - 29382/(-5)) + 2 + 0.
5879
Suppose -66*x = -53*x - 53*x + 422360. List the prime factors of x.
10559
Let j(b) = 14*b - 111. Let k be j(-20). Suppose -4*t - 789 = 5*p - 0*t, 152 = -p + 5*t. Let c = p - k. List the prime factors of c.
2, 3, 13
Suppose 99 = 5*k + 3*j, 3*k - 45 = 5*j - 2*j. What are the prime factors of ((-1214)/(-4))/(k/36)?
607
Suppose -3*z + 55466 = 5*i, -i - 48771 - 43607 = -5*z. List the prime factors of z.
3, 2053
Let i(s) = s**3 + 43*s**2 + 88*s + 130. List the prime factors of i(-26).
2, 13, 359
Suppose -8*l + 8631 = -5*l + 3*q, -4*l - 5*q = -11504. List the prime factors of l.
43, 67
Let q = 32 + -61. Let z(i) = 93*i - 307. Let w be z(5). Let o = q + w. List the prime factors of o.
3, 43
Let c = -63 + 175. Let p be (-420)/63*(-2 - (-62)/4). What are the prime factors of (c/(-12))/7*p?
2, 3, 5
Suppose -3*l - 8534 = -3*o + 1795, -o + 4*l = -3455. List the prime factors of o.
19, 181
Suppose 15478 = 9*q + 3823. Suppose -1675 = -15*y + q. List the prime factors of y.
2, 3, 11
Let p = -146623 - -210800. What are the prime factors of p?
29, 2213
Let h be (-155 - -5)*(4 + (-4)/4). Let n = h + 1222. What are the prime factors of n?
2, 193
List the prime factors of (-3 - -1)*(8628390/20)/(-27).
31957
What are the prime factors of (-77786)/(-7) - (-212)/(-742)?
2, 3, 463
Suppose -4 = 4*d + 12, 8 = 4*t + 2*d. Suppose -2*p - h = -125, p - 72 = -t*h + 8. List the prime factors of 2 + p + 12/4.
5, 13
Suppose 0 = -356*p + 349*p + 62384. What are the prime factors of p?
2, 557
Suppose -3*d + 11 = a - 3, -a = -d - 2. Suppose -3*v - 2 = -2*j, v + j = -j - 6. List the prime factors of (75/v)/(-3*d/18).
3, 5
Let x = 16582 + 2995. What are the prime factors of x?
19577
Let f(r) = r**2 - 12*r - 10. Let o be f(13). Suppose -3*q + 108 = o*q. List the prime factors of (-68)/306 + 1894/q.
3, 5, 7
Suppose -3*x + 15 = -2*l, 3*x + 15 = 6*x. Suppose l = 79*s - 72*s - 2219. What are the prime factors of s?
317
Let c(a) = -3*a**3 - a**2 + 48*a + 296. What are the prime factors of c(-9)?
2, 5, 197
Let h be (-148)/(-20) + 12/(-30). Suppose g + 18 = h*g. What are the prime factors of -2 - ((4 - g)*-194 - 2)?
2, 97
Let x(i) = -2 - 9*i - 4 + 4. Let p be x(-25). Suppose -17*d + 2497 + p = 0. What are the prime factors of d?
2, 5
What are the prime factors of (39/117)/(3/318204)?
2, 8839
Let z = 90 + -14. Suppose -75*x - 3 = -z*x. Suppose -5*r + 1448 = x*r. What are the prime factors of r?
181
What are the prime factors of -